Suppose -26 = -22*x + 9*x. Let n(r) = 5*r + r - 39 + 6*r - 5*r**2 + 6*r**x. What are the prime factors of n(-16)?
5
Suppose 0 = 2137*i - 2141*i - 4, -5*m + 17327 = -2*i. What are the prime factors of m?
3, 5, 7, 11
Let k be 6/(((-24)/18)/((-2)/(-3))). Let b(t) = -t**2 - 6*t + 3. Let j be b(-6). What are the prime factors of 95 - (1 - (k + j))?
2, 47
Let k = -29938 - -30787. List the prime factors of k.
3, 283
Let s = 825 + -147. List the prime factors of s.
2, 3, 113
Let m = -1403 + 2018. Let j be 2/3 - 274/6. What are the prime factors of (-1)/(-3) - m/j?
2, 7
What are the prime factors of ((-2)/(-8))/(152/228) + (-10013)/(-8)?
2, 313
Let u = -71 + 57. Let v be -4*(4/(-18) - u/(-18)). Suppose -3*k + 2*o + 586 = 0, v*k = -2*o + 1039 - 267. List the prime factors of k.
2, 97
Let x(g) = g**3 + 6*g**2 - 17. What are the prime factors of x(5)?
2, 3, 43
Let y be 2*1/(-3) + (-5884)/(-6). Let a = -445 + y. List the prime factors of a.
5, 107
Let o(q) = -q**3 + 4*q**2 - 5*q + 5. Let f be o(2). Suppose -x - 7 = -2*y, 0*y + 5*x = -f*y + 17. Suppose -y*h + 385 - 5 = 0. List the prime factors of h.
5, 19
Let g(k) = -414*k - 7. Suppose -2*v = 4*f + 12, 4*v + 4 = -f + 3*f. List the prime factors of g(v).
821
Let f(j) = -j**2 - 6*j - 3. Let i be f(-4). Suppose -16*c + 1117 = -931. Suppose -c = -i*s + 197. List the prime factors of s.
5, 13
Suppose b - 3*z - 43 = 0, -2*b + 51 - 1 = 3*z. Let q(v) = 110 + b*v - 110. List the prime factors of q(2).
2, 31
Suppose -3*u + 6*f + 1080 = 9*f, -5*u - 2*f + 1806 = 0. Suppose u = -21*r + 1874. What are the prime factors of r?
2, 3
Suppose -13*p + 0*p = 8684. Let m = p - -1146. List the prime factors of m.
2, 239
Let f(w) = -79*w + 33 - 9 + 7. List the prime factors of f(-7).
2, 73
Let c(w) = -2*w**3 - 29*w**2 + 70*w + 80. List the prime factors of c(-24).
2, 73
Let a = -2939 - -4492. Let l = a - 362. What are the prime factors of l?
3, 397
Let k be -8 - -20*(-11)/(-44). Let c(x) = 2*x**2 - 3*x + 4. Let q(p) = 3*p**2 - 5*p + 8. Let t(f) = 5*c(f) - 3*q(f). List the prime factors of t(k).
5
Let q = 16481 + -5786. List the prime factors of q.
3, 5, 23, 31
Suppose 0 = -v - 4803 + 15951. What are the prime factors of v?
2, 3, 929
List the prime factors of (-152)/(-24) - 1/3 - (7 - 3545).
2, 443
Let g(s) = -59*s**3 - s**2 + 4*s + 4. Let y be g(-1). Suppose 8*i - y = 6*i. Suppose -2*z + 235 = i. What are the prime factors of z?
103
Let x(d) = 11*d**3 + 3*d**2 + 9*d - 2. Let v(q) = -q**3 - q**2 - 2*q. Let k(m) = -4*v(m) - x(m). What are the prime factors of k(-5)?
907
Suppose -4*b + 8 = 0, -3*j = 2*b + 2161 - 104261. What are the prime factors of j?
2, 3, 709
Let m = -345 - -125. Let r = -83 - m. What are the prime factors of r?
137
Let c(t) = t**2. Let g(d) = -11*d**2. Let y(a) = -2*c(a) + g(a). Let h(i) = 90*i**2. Let q(k) = -5*h(k) - 36*y(k). List the prime factors of q(-2).
2, 3
Suppose -937*r - 12437 = -k - 941*r, 62251 = 5*k - 2*r. What are the prime factors of k?
59, 211
Let h = -2330 - -3727. Suppose l = -5*c - 21 + 4, -c + 19 = 3*l. Suppose l*a = -3*a + h. List the prime factors of a.
127
Suppose 8*l = 11*l + 6, 0 = 5*c + 4*l - 62. Suppose -66 = -c*w - 10. Suppose 1122 = w*n - f + 237, 0 = -5*n + 5*f + 1095. What are the prime factors of n?
2, 3, 37
Let w = -32 + 34. Suppose -112 = -2*s - 4*j, -4*s + w*j + 70 + 144 = 0. List the prime factors of s.
2, 3
Let j = 761 + -431. What are the prime factors of (-62)/(-5*12/j)?
11, 31
What are the prime factors of 5*1 + -32 + 6110 + 7?
2, 3, 5, 7, 29
Suppose -2*s + 71 = -203. Let r = -132 + s. Suppose -a = -r*q + 270, -2*q - 4*a - 145 = -5*q. What are the prime factors of q?
5, 11
Suppose -6468 = -4*z + 2232. What are the prime factors of z?
3, 5, 29
Let q(w) = -17*w - 23. Suppose 0 = -r - 16 + 60. Let z = 38 - r. List the prime factors of q(z).
79
Let y(k) = k**2 - 21*k - 50. Let j be -4 - (-3 + 2) - (1 + -27). Let p be y(j). What are the prime factors of -27*p*(-44)/(-24)?
2, 3, 11
Let h(w) = 18*w - 2 - 3 + 4. Suppose -34 + 13 = -7*b. What are the prime factors of h(b)?
53
Let s(a) = a - 34. Let p be s(27). Let x(f) = f - 10. Let h be x(8). List the prime factors of (p - (6 - 14))/(h/(-32)).
2
Suppose 0 = 4*d - 2*o + 1860, 3*d = -12*o + 13*o - 1395. Let a(c) = -c**2 - 3*c + 4. Let l be a(-3). List the prime factors of l*(d/(-12) - -1).
3, 53
Let w(z) = -3*z - 44. Let i be w(-16). Suppose -n - i*d - 257 = -2*n, -271 = -n - 3*d. List the prime factors of n.
5, 53
Suppose -2*s - 3*s = -360. Let m(u) = -u**3 + 5*u**2 + 33*u - 10. Let j be m(9). Let g = s + j. List the prime factors of g.
5, 7
Let l = -59 + 64. Suppose -l*i - 7*i = 1224. Let s = i - -150. What are the prime factors of s?
2, 3
Suppose 50*k - 5*k - 321165 = 0. List the prime factors of k.
3, 13, 61
Suppose -184*x + 902603 + 559384 = -3645117. What are the prime factors of x?
2, 3, 257
Suppose 0 = 2*o + 3*t - 19 - 29, 4*o + t = 96. Suppose 0 = 29*q - o*q - 65. Suppose -2*r - q = 2*j - 65, 0 = -4*r - j + 89. List the prime factors of r.
3, 7
Let s(z) = 101*z**2 - 24*z + 109. What are the prime factors of s(9)?
2, 11, 367
Let c(q) be the third derivative of 9*q**2 - 13/3*q**3 + 0 + 0*q + 1/30*q**5 + 7/24*q**4. What are the prime factors of c(6)?
2, 11
Suppose -361 + 1660 = 4*h - 3*f, -5*f + 1291 = 4*h. Suppose -3*j - q + 71 + h = 0, 2*j - 262 = -q. Suppose -7*t = -21 - j. List the prime factors of t.
2, 11
Let m(j) = -159*j - 1441. What are the prime factors of m(-49)?
2, 5, 127
Suppose 0 = 4*u + o + 3*o - 40, 2*u + 5*o - 26 = 0. Let r(j) = 4*j - 10. Let y be r(6). Suppose -y*s = -u*s - 150. List the prime factors of s.
5
Let p(j) = -j**2 - 6*j + 15. Let k be p(-8). List the prime factors of k + 2 + (130 - -1).
2, 3, 11
Let j be ((-9)/(-15))/(1 + (-38)/40). Suppose j - 37 = -5*h. Suppose -3*l = h*m - 557, 0 = -0*l - 3*l + 2*m + 529. What are the prime factors of l?
179
Let w = -254 + 246. List the prime factors of (-788)/(18/(-12)*w/(-6)).
2, 197
Let v(m) = -3*m - 16. Let x be v(-8). Suppose 416 = -x*w - 760. Let f = -64 - w. List the prime factors of f.
83
Let a = 4111 + -2899. Let x = a - -36. List the prime factors of x.
2, 3, 13
Suppose 4499 = -5*z - 5*q + 87624, 3*q + 16633 = z. What are the prime factors of z?
13, 1279
Let j(l) = 880*l + 1329. What are the prime factors of j(20)?
23, 823
Suppose 0 = -5*y - 10, -3*c = -3*y + 22 + 14. What are the prime factors of (208/c)/((-2)/7)?
2, 13
Let o be -6*(14/(-21))/2. Suppose d - o*d = 4*y - 577, -5*d + 5*y + 2785 = 0. List the prime factors of d.
3, 11, 17
Suppose -13*w - 48 = 11561. Let d = -520 - w. What are the prime factors of d?
373
Let t = 8670 - -4839. List the prime factors of t.
3, 19, 79
Suppose 2*h - 11*z + 2 = -14*z, -4*z = -3*h + 14. What are the prime factors of (3072/30)/(h/5)?
2
Suppose -17*p - 24 = -23*p. List the prime factors of (-3)/p + (-837)/(-12).
3, 23
Suppose -28*k + 25*k - n + 31523 = 0, 3*k - 3*n = 31515. What are the prime factors of k?
7, 19, 79
Let d be 0 + (1215/5 - -1). Let n = d + -187. What are the prime factors of n?
3, 19
Suppose -20*w - 72125 = -28*w + 140699. What are the prime factors of w?
37, 719
Let u = 60008 - 25436. What are the prime factors of u?
2, 3, 43, 67
Let c(i) = 34*i**2 + 146*i + 651. List the prime factors of c(-32).
3, 5, 2053
Let i(d) = 460*d**2 + 42*d + 54. List the prime factors of i(10).
2, 19, 1223
Let o(m) = 4*m**2 + 23*m + 43. Let u be o(-15). Let s = 932 - u. Let j = s + -192. List the prime factors of j.
2, 71
Let p(d) = -268*d**3 - d**2 + 2*d + 2. Suppose -z + 3 = 0, 3*g + 7*z = 8*z + 378. Let t = 126 - g. What are the prime factors of p(t)?
3, 89
Suppose 8*a + 2428 = 12*a. Suppose 5*j + 515 = g, -3*j + a + 1499 = 4*g. List the prime factors of (g/(-20))/(2/(-8)).
3, 5, 7
Suppose -25*f + 20259 = -58016. List the prime factors of f.
31, 101
Let l = 25798 - 3638. What are the prime factors of l?
2, 5, 277
Suppose -1567 = 8*z - 9039. Let g = -229 + z. List the prime factors of g.
3, 5, 47
Suppose -2*k = -7*k - 1325. Let w = k - -353. What are the prime factors of w?
2, 11
Let q(t) = -5*t - 25. Let f(h) = h**2 - 7*h + 5. Let l be f(5). Let p be q(l). What are the prime factors of 6/(-6)*(p + -10)?
2, 5
Let g(p) = p**2 - 4*p - 5. Let i be g(5). Suppose 4*r - 5*r + 4 = i. List the prime factors of 519/4 - -